is the remainder when r is divided by 11?
9
Let n be (-3 + 0)*28/(-6). Let v = 58 - 55. Suppose -16 = -4*m - v*f, -5*m + 3*f + n + 6 = 0. Calculate the remainder when 11 is divided by m.
3
Let n(u) = u**3 - 4*u**2 - 5*u + 7. Let b be n(5). Let a = b + -4. Calculate the remainder when 11 is divided by a.
2
Suppose 90 + 15 = 3*k. Let s = 40 - 14. Let l = -8 + s. What is the remainder when k is divided by l?
17
Let i = 8 - 1. Suppose -3 = w - 5*v - 29, 2*w - 52 = v. Calculate the remainder when w is divided by i.
5
Calculate the remainder when 142 is divided by 47/4 - (-13)/52.
10
Calculate the remainder when 6/4*(-88)/(-6) is divided by 2/(-3) - (-238)/42.
2
Let i be (-1 + -8)/(12/8). Let j be i/(0 - 4/6). Let u = j - -31. What is the remainder when u is divided by 14?
12
Let r = 41 + -22. Calculate the remainder when 36 is divided by r.
17
Let p(b) = -5*b + 3. Let x = 5 - 3. Let j be p(x). Let g(l) = -l + 5. What is the remainder when 23 is divided by g(j)?
11
Let z(b) = b**2 - 3*b + 7. Let j be z(6). Suppose 0*i = 5*i - j. Suppose 2*p + 8 = 0, -p = 3*a - i - 3. What is the remainder when 9 is divided by a?
1
Let k(r) = -16*r. Calculate the remainder when k(-3) is divided by 18.
12
Let w = -179 + 208. What is the remainder when w is divided by 61/4 + 1/(-4)?
14
Let f(u) be the third derivative of -13*u**4/12 - u**3/3 + 2*u**2. What is the remainder when f(-2) is divided by 1 + -1 + 0 + 17?
16
Let r = -86 - -122. What is the remainder when r is divided by (-1 + 2)*1 + 12?
10
Suppose -42 = -5*a + 3*f, 0 = -3*a - 5*f + 2*f + 30. Calculate the remainder when ((-52)/(-6))/((-2)/(-6)) is divided by a.
8
Let r be -7 - (2 + 0/(-1)). Calculate the remainder when -16*r/(-24)*-6 is divided by 19.
17
Suppose 0 = -l + q + 65, -2*q + 65 = l + 2*q. Calculate the remainder when l is divided by 34.
31
Let x be (-1)/(-4)*(-12)/(-1). Suppose 79 = x*v + 22. Let j(w) = 37*w - 1. What is the remainder when j(1) is divided by v?
17
Let l = 5 - -5. What is the remainder when l is divided by 4?
2
Let t(r) = -r**2 - r + 45. Calculate the remainder when t(0) is divided by 16.
13
Let o = -149 + 47. Calculate the remainder when 45 is divided by o/(-8) + 3/(-4).
9
Let c = -22 + 33. Suppose -f + 4*o = -o - 17, c = 3*f + 5*o. Calculate the remainder when 11 is divided by f.
4
Let p(r) = 3*r. Let j(t) = -t**2 - 4*t - 1. Let d be j(-2). Let a be p(d). Let x = a + -2. What is the remainder when 19 is divided by x?
5
Suppose 0 = h + 2*c + 1 - 0, 3*c - 12 = -3*h. What is the remainder when 12 is divided by h?
3
Suppose -5*p - 16 = 3*i - 122, -4*p - 2*i + 84 = 0. Let w = 77 + -51. Let m = w - 15. What is the remainder when p is divided by m?
9
What is the remainder when 145 is divided by 9/((-27)/(-110)) - (-2)/6?
34
Let q(b) = -b**2 + 5*b + 1. Let y be q(4). Suppose -7*a + 10 = -y*a. What is the remainder when a is divided by 3?
2
Suppose -8 = -5*z + 7. What is the remainder when 3 is divided by z?
0
Suppose 5*l = 5*k + 75, -2*k + 2 = -4*k. Suppose -5*t + 1 = -l. What is the remainder when t is divided by 1?
0
What is the remainder when ((-12)/(-18))/(2/105) is divided by 18?
17
Let r(a) = -a - 6. Let y be r(-4). Let g be (-3)/6 - 22/4. Calculate the remainder when 22 is divided by (g - y)/((-4)/6).
4
Suppose 5*y - 470 = 2*j - 1, 2*y - 205 = -5*j. What is the remainder when y is divided by 14?
11
Let a be (-26)/3*(-6)/1. Let y = 124 + -87. What is the remainder when y is divided by (a/6)/((-2)/(-3))?
11
Let o be (-9)/(-3) - (-4)/2. Suppose -o*r + 41 = -69. Suppose y + 2*a = 20, -2*y - 4*a + 8 = -8*a. Calculate the remainder when r is divided by y.
10
Let w(n) = n**2 + 3*n + 3. Let a(z) = 12*z - 8. Let q be a(13). Suppose 7*f - q = 3*f. What is the remainder when f is divided by w(-5)?
11
Let h = 19 + -9. Let d(b) = -b**2 + 6*b + 8. Let s be d(6). Suppose -8*i = -h*i + s. Calculate the remainder when i is divided by 2.
0
Let y(t) = t**3 - 7*t - 9. Calculate the remainder when y(4) is divided by 6.
3
Let d(z) = 127*z**2. Let j be d(-1). Let s be j/(-4) - 4/16. Calculate the remainder when 14 is divided by ((-3)/2)/(6/s).
6
Let z = 4 - -12. Let s = 50 - z. Calculate the remainder when s is divided by 18.
16
Suppose 5*s + 6*m = 3*m + 70, 5 = -m. What is the remainder when 28 is divided by s?
11
Let r = 14 - 5. Calculate the remainder when 2/r + 1176/54 is divided by 12.
10
Let g be (-2)/((-3)/(261/6)). Let q = g + -18. What is the remainder when 20 is divided by q?
9
Suppose 0*d - 5*z = d - 81, z = 3. Let t be (4/3)/(4/d). Suppose -2*c + 16 = 4*v, 4*v - 14 = -4*c + t. What is the remainder when 28 is divided by c?
8
Suppose d + 3*y = 5*y + 15, 2*y = -10. Suppose d = 4*o - 7. Let j = -6 - -10. What is the remainder when j is divided by o?
1
Let t(j) = -j**3 - 4*j**2 - 12*j - 3. What is the remainder when t(-5) is divided by 12?
10
Suppose 0 = 2*g - 4*c + 12, -c - 13 = -4*g - 2. Let d(v) = -v. Let h be d(-5). What is the remainder when 74/10 + (-2)/h is divided by g?
3
Suppose 3*k + 80 - 2 = -3*g, 4*g = -20. Let h = -14 - k. Calculate the remainder when 18 is divided by h.
4
Let z(u) = -u - 3. Calculate the remainder when 16 is divided by z(-8).
1
Let o(v) = -v + 41. Calculate the remainder when 33 is divided by o(22).
14
Let n(x) = -x**3 - x**2 + 3*x + 2. Let y be n(-2). Suppose -5*w + 2*v = v - 96, y = 2*w - v - 39. What is the remainder when w is divided by (-21)/3*(-4 + 3)?
5
Suppose 0 = 2*h - 27 + 1. What is the remainder when 64 is divided by h?
12
Suppose -4 + 0 = -4*h. Calculate the remainder when 3 is divided by h.
0
Let j be 2/2*2*1. Let z(s) = 2 - j*s**2 - 3 + 2*s**3 + 0*s**2. What is the remainder when z(3) is divided by 12?
11
Let t(s) = 4*s**2 + 3*s + 2. What is the remainder when (-309)/(-9) - (-2)/(-6) is divided by t(-2)?
10
Let p = -8 + 5. Suppose 4*x + 4*s - 3*s - 5 = 0, 0 = 2*x - s - 7. Calculate the remainder when p/((x - 0) + -3) is divided by 1.
0
Let o(q) = q**3 - 28*q**2 - 2*q + 61. What is the remainder when 31 is divided by o(28)?
1
Suppose 5*p - 70 = -5*l, 0 = -7*l + 10*l - 6. What is the remainder when 33 is divided by p?
9
Suppose -2*p + 27 = v - 7*p, 4*v = 4*p + 60. What is the remainder when 46 is divided by v?
10
Suppose -8 = -p - 3. Suppose -p*g + 67 = 2. Suppose 0 = 4*a - 4*s - 92, 0*s - 3*s = 0. Calculate the remainder when a is divided by g.
10
Let a(u) be the third derivative of u**6/120 - u**5/15 - 3*u**4/8 + 2*u**3/3 + u**2. What is the remainder when 63 is divided by a(6)?
19
Let u be ((-330)/(-6))/(2/4). Suppose -2*w + k + u = 0, 3*w = k - 2*k + 165. What is the remainder when w is divided by 19?
17
Suppose j - 2 = 1. Let h be (-2 - -1)/((-1)/j). Suppose 4*x + 5*l - 71 = 0, -16 = -2*x + l + h*l. What is the remainder when x is divided by 5?
4
Let j = 76 + -40. What is the remainder when j is divided by 13?
10
Suppose -3*j + 0 = -6. What is the remainder when 6 is divided by j?
0
Let i be ((-2 - 1) + 4)*-9. Let o = 11 + i. What is the remainder when 6 is divided by o?
0
Let j(o) = 2*o - 6. Let s be j(8). Suppose 4*b - 6 - s = 0. What is the remainder when b is divided by 3?
1
Let n = -13 + 15. Let o(t) = -t + 3. What is the remainder when 1 is divided by o(n)?
0
Suppose -4*k + 6 = 2*v - 2*k, -20 = 4*k. What is the remainder when 12 is divided by v?
4
Let r(h) be the third derivative of h**6/12 - h**5/60 - h**4/24 + h**3/6 + 3*h**2. What is the remainder when r(1) is divided by 4?
1
Calculate the remainder when (-4)/(-18) + (-266)/(-18) is divided by 4.
3
Let g = 60 - 39. Calculate the remainder when g is divided by (4 - (2 - -4))/((-1)/4).
5
Suppose -5*s = -5*r - 5, 26 = s + 2*r + 2*r. Let j(y) = y**2 - 4*y + 3. Calculate the remainder when 28 is divided by j(s).
13
Let h = 37 - 29. Calculate the remainder when 13 is divided by h.
5
What is the remainder when (4/(-3))/(-1 - (-28)/30) is divided by 11?
9
Suppose -25 = -2*p + p. Let h = p - -12. Calculate the remainder when h is divided by 1/(((-5)/19)/(-5)).
18
Let q = 30 + -46. Let v be (-6*1)/(2/3). Let i = v - q. Calculate the remainder when 19 is divided by i.
5
Let f(h) = h**2 - 2*h + 1. Suppose 5*p - 25 = 5. What is the remainder when f(5) is divided by p?
4
Let j = -2 + 56. Calculate the remainder when j is divided by 14.
12
Let t(f) = 4*f. Let x be t(1). Suppose x*k - 7*k + 12 = 0. Wh